se u = 6*b + 7*b - 2184. What is the units digit of b?
8
Let d = -16 - -19. Let v be (15 - d)/(-4)*-1. Suppose 0 = -2*t + z + 30, 4*t + v*z = 2*t + 14. What is the units digit of t?
3
Let b be ((-52)/16 - -2)*-4. Let r be (-4 - -3)*3 + 323. Suppose b*d = -45 + r. What is the tens digit of d?
5
Suppose 24*r + 18*r = 104496. What is the tens digit of r?
8
Let t = -1279 + 3065. What is the hundreds digit of t?
7
Let z = 1556 + -1113. What is the units digit of z?
3
Suppose -2292*t + 1656 = -2290*t. What is the tens digit of t?
2
Let c(l) = -l**3 + 7*l**2 - 5*l - 10. Let p be c(6). What is the units digit of 568/22 - p/22?
6
Suppose 83 = 3*u - 16. Suppose -4*j + 7*j - u = 0. Suppose 3*g + 2 = 3*q + j, 2*q + 14 = 3*g. What is the units digit of g?
8
What is the hundreds digit of 238/(-3)*(-31)/(31/6)?
4
Let o be (20/6)/((-20)/(-3) - 6). Suppose -o*n - 5*a = -85, 3*a + 12 + 0 = 0. What is the tens digit of n?
2
Suppose -3*u - 2*u - 195 = 0. Let d = 32 + u. What is the units digit of -1 - 7/(d/52)?
1
Let s(p) = 325*p**3 - 17*p + 28. What is the thousands digit of s(2)?
2
Let w(q) = q**3 + 45*q**2 + 61*q + 195. What is the tens digit of w(-43)?
7
Let l be 4/(-3)*54/(-18). What is the tens digit of (-2)/l + (-897)/(-46)?
1
Suppose g + 20 = -12. Let b = g + 46. Suppose -2 = 2*o + 4*f - 22, 0 = 2*o - 2*f - b. What is the units digit of o?
8
Let q(n) = 10*n + 5. Let j be q(8). What is the units digit of (-1)/((-39)/j - 8/(-20))?
7
Suppose 11*b = -6*b + 7004. What is the tens digit of b?
1
Let y be 4/8 + 70/4. Let g(s) = y*s**2 + 4*s**2 - 2*s - 6*s**2 + 2. What is the tens digit of g(1)?
1
Suppose -3*w = -m + 1993, m + 0*w = 2*w + 1995. What is the tens digit of m?
9
Let c be (16 - 15) + -19*3. Let r be 4 - ((4 - 2) + c). Let l = r - 4. What is the tens digit of l?
5
Let d(g) = -4*g - 4 + 5 - 17. What is the units digit of d(-19)?
0
Let d = 2 + 12. What is the units digit of 1/d*-4 + 1856/28?
6
Let d(t) = 13*t**2 - 2*t + 2. Let s be d(2). What is the tens digit of s - (4/2)/(-2)?
5
Let x(f) = 11*f**2 - 34*f - 5. What is the tens digit of x(11)?
5
Let o be 0/(2 - (1 + -1)). Let f be (-3 + o)*1 - -13. Let k = 7 + f. What is the tens digit of k?
1
Let y be ((-2)/(-2))/((-2)/(-4)). Suppose -3*x - y*x = 2*t + 7, 0 = -5*t + 3*x - 2. What is the units digit of t + 27 - 0/5?
6
Let u(f) = 735*f - 4. Let p be u(-1). Let j = p + 1044. What is the units digit of j?
5
Let w(c) = 8*c + 10. Let f be w(7). Let o = 127 - f. What is the units digit of o?
1
Let v = -22 + 22. Suppose 2*j = -4*u + 250, v*u + 340 = 5*u - 3*j. What is the tens digit of u?
6
Let b = -611 - -1190. What is the hundreds digit of b?
5
Let n be (4*(-2)/(-20))/(6/1050). Let y = n - -21. What is the units digit of y?
1
What is the units digit of 38934/154 - 4/(-22)?
3
Let v = -21 - -17. Let z be 5 + v + 1/1. Suppose c = -3*x + 41, -3*c + 149 = z*x + 19. What is the tens digit of c?
4
Let z be 2/3 - -1 - 2/3. What is the units digit of z/3*(9 - (2 - -1))?
2
Let p(y) = -y**2 - 21*y + 1620. What is the tens digit of p(0)?
2
Let u(d) = -11*d**3 + 64*d**2 - 3*d - 11. What is the units digit of u(-5)?
9
Let r = 0 - 0. Suppose -4 + r = -2*m. Suppose m*y + 20 = 4*y. What is the units digit of y?
0
Let p = -4706 - -8474. What is the tens digit of p?
6
Let l = 2560 - 1458. What is the hundreds digit of l?
1
Suppose 7*x - 3*x - 1260 = 0. Let i = x - 67. What is the hundreds digit of i?
2
Let o(x) be the third derivative of x**5/60 + x**4/8 + 5*x**3/3 + x**2. What is the units digit of o(0)?
0
Let d(j) be the second derivative of 1/12*j**4 + 2*j**2 + 4*j - 1/3*j**3 + 0. What is the units digit of d(5)?
9
Suppose 0 = -6*z + z - 2*n + 85, 4*z = 4*n + 68. Let x = 19 - z. Suppose 0 = -x*q + q + 19. What is the units digit of q?
9
Suppose 3*c = -2*c - 195. Let h be (16/20)/(2/(-45)). Let z = h - c. What is the units digit of z?
1
Let u(v) = 5*v - 9*v**3 - 8*v**3 + 22*v**3 + 1 - 4*v**2. What is the units digit of u(3)?
5
What is the hundreds digit of 50/175 + (-56410)/(-35)?
6
Let h(o) = o**3 + 2*o + 120. Suppose -5*b = -4*x + 25, 2*x + 5*b + 12 = -13. What is the hundreds digit of h(x)?
1
Suppose 344*r = 343*r + 140. What is the tens digit of r?
4
Suppose 3*y + 4*g = 18910, 0 = 88*y - 90*y - g + 12615. What is the thousands digit of y?
6
Suppose 2*n = -v + 3, 4*v - 5*v - 9 = -4*n. Let y = 110 + -104. Suppose -y*f - n + 8 = 0. What is the units digit of f?
1
Let k(a) = -36*a + 97. What is the tens digit of k(-7)?
4
Let g be 40 - (1 + -1 - -1). Let n(v) = -v**2 - 14*v + 29. Let s be n(-17). Let z = s + g. What is the units digit of z?
7
What is the thousands digit of -2 - 2610/((-10)/5)?
1
Let c(o) = -36*o + 82. What is the tens digit of c(-16)?
5
Let w(x) be the first derivative of -5*x + 2. Let k(s) = -s. Let a(r) = -3*k(r) + 3*w(r). What is the tens digit of a(12)?
2
Suppose 10*j - 31435 + 3975 = 0. What is the tens digit of j?
4
Suppose 0 = -2*l - 3*d + 13, -4*d - 3 = -15. Let v(f) = 31*f**2 + 3*f - 6. What is the tens digit of v(l)?
2
Let r be (-2)/(-6) + 22/6. Let j be (-68)/(-10) + ((-252)/105)/(-12). Suppose r*s = j*s - 72. What is the units digit of s?
4
Let b(z) = 67*z - 8. Let h be b(-2). Let c = h + 238. What is the units digit of c?
6
Suppose 5*h - 2*u - 160 = -0*u, -4*h + 2*u = -130. Suppose 4*z = 3*v + 98, 0 = -z - 3*v + h + 2. What is the units digit of z - 3*(-3)/(-9)?
5
Let t = 42 - 39. Suppose -t*d + 246 = -0*d. What is the units digit of d?
2
Let j(w) = 42*w + 40. Let f be j(-8). What is the units digit of f/(-12) - 8/12?
4
Suppose -44*h + 16*h = -71540. What is the units digit of h?
5
Let r = -5 + 521. What is the units digit of r?
6
Let i be 3 + 1 + 12/(-4). Let g(w) = -3*w + 0*w - w + i - 2 + 4*w**2. What is the units digit of g(2)?
7
Let z = -281 + 484. Let l = z - 126. What is the tens digit of l?
7
Let z = -2190 + 2976. What is the tens digit of z?
8
Let f = 26 + -24. Suppose 27 = -f*o + 367. What is the tens digit of o?
7
Suppose 3*r = -8 - 7. What is the tens digit of (-106 + -2)*(r - -4)?
0
Let v(i) = 85*i + 34. What is the tens digit of v(7)?
2
Suppose -3*f - 10 = -3*u - 4, -3*u + 6*f = 9. Let v(y) = -38*y + 36. Let g(c) = -13*c + 12. Let d(t) = 14*g(t) - 5*v(t). What is the units digit of d(u)?
4
Let q(c) = -9*c - 366. What is the tens digit of q(-43)?
2
Let h(m) = -148*m**3 + m**2 + 4*m + 4. What is the hundreds digit of h(-2)?
1
Let r(a) = a**2 - 16*a - 36. Let n be r(18). Suppose -q + l + 54 + 19 = n, -q = -4*l - 79. What is the units digit of q?
1
Let j be (-1)/(3/6)*(-2 - -3). What is the units digit of j/4*2 - -72?
1
Suppose 2*d = 5*m - 3455, 8*m - 11*m = 4*d - 2047. What is the units digit of m?
9
Suppose -862 = -5*z + 2558. What is the hundreds digit of z?
6
Suppose -467 = 4*z + 189. Let v = z + 310. What is the tens digit of v?
4
Let j = 322 - -1547. What is the hundreds digit of j?
8
Let a(r) = 911*r**2 - 2*r + 9. What is the thousands digit of a(-2)?
3
Let v be ((-674)/3)/((-1)/3). Let g = v + -478. What is the units digit of g?
6
Suppose 3*h - 16 + 253 = 3*p, 5*p = 2*h + 401. What is the tens digit of p?
8
What is the tens digit of (936/(-13))/((-2)/19)?
8
Suppose 785 = 5*l + 4*d - 3359, 3314 = 4*l + 2*d. What is the units digit of l?
8
Suppose 0 = 2*n + 6, -l - 3*n = 4*l + 9. Suppose 7*z - 4*z - 210 = l. What is the tens digit of z?
7
Let s = 23 - 19. Suppose -8 = 2*f - 0*f, 79 = 5*l + s*f. What is the tens digit of l?
1
Let i(s) = 297*s - 50. What is the hundreds digit of i(7)?
0
Let o(w) = -w**3 + 13*w**2 - 11*w - 8. Let g be o(12). Suppose 4*y + 0*y = g*j - 12, 15 = 5*j. Suppose -2*l + 33 + 35 = y. What is the tens digit of l?
3
Let q = -2 - -17. Let x be ((-14)/(-2))/(q/45). Suppose n = 2*n - x. What is the units digit of n?
1
Let t(a) = -a**3 + a**2 + 3*a - 2. Let v be t(3). What is the tens digit of (-3 + v/(-3))*111?
7
Suppose q = o - 8, 6*q - 2*q = -5*o + 76. Suppose 5*t + 322 = o*t. What is the tens digit of t?
4
Suppose 246*u - 248*u + 2488 = 0. What is the tens digit of u?
4
Suppose -p + 18 = -3*p. Let f be (260/6)/((-6)/p). Let m = f + -36. What is the units digit of m?
9
Suppose 43 = 2*k + 5*v, 4*v + v = -5. What is the units digit of ((-11)/((-66)/k))/((-2)/(-43))?
6
Let n(d) = -17*d**3 + 2*d + 1. Let z be (10/(-50))/((-1)/(-5)). What is the tens digit of n(z)